- u + 1. Let d(a) = -5*m(a) + n(a). Calculate d(o).
-4
Let t(g) be the first derivative of -g**4/24 - g**3/6 - 3*g**2/2 - 3. Let m(i) be the second derivative of t(i). Calculate m(-3).
2
Let w(i) = -7*i + 5. Let h(c) = -c. Let x(r) = -5*h(r) + w(r). What is x(6)?
-7
Let y(n) = 10*n**3 + n. Suppose 0*l - 2 = 2*l. What is y(l)?
-11
Let m(h) = 4 - h + 2 + 3 - 5. What is m(3)?
1
Suppose y - 24 = -5*n, 4*y + 3*n = 3*y + 16. Let i(x) = 3*x - 4 - 4 + y. Let w be i(3). Let m(z) = -z**3 + 6*z**2 - 7*z + 6. Calculate m(w).
-4
Let w(h) be the third derivative of h**6/720 - h**5/60 + h**4/12 + 2*h**2. Let c(f) be the second derivative of w(f). Give c(4).
2
Suppose 0 = -4*k - 3*p + 3, -5*k + 17 = -4*k + 4*p. Let a(d) be the second derivative of d**4/12 + d**3/3 + d**2 - 3*d + 4. Calculate a(k).
5
Let i(b) = b**2 - 3*b - 7. Let o be i(5). Let l = o - -1. Let c(n) = n**3 + 3*n**2 - l + 0 + 0*n**3. Calculate c(-3).
-4
Let v(k) = k**3 + 3*k**2 - k + 3. Let h(t) = t**3 + t. Suppose -2*i + 4*i + 14 = 5*x, -3*x = 4*i + 2. Let u(d) = i*h(d) + v(d). What is u(2)?
1
Suppose -3*i + 0 = -12. Let o(c) = 2*c**2 - 3*c - 2. Calculate o(i).
18
Let p(j) be the third derivative of -j**4/6 - j**3/6 + 11*j**2. Determine p(-1).
3
Let f be ((-16)/6)/((-2)/(-3)). Let u(w) = -3*w - 6. What is u(f)?
6
Let g(a) = -2*a**2 + 15*a - 1. Let i(l) = -l**2 + 7*l - 1. Let b(r) = 2*g(r) - 5*i(r). Determine b(6).
9
Let q(l) = -l**2 + 2*l - 4. Let r be 14/3 + (-2)/3. Let c be (12/15)/(1/5). Suppose 2*t - 6 - c = 4*z, 0 = r*t - z - 13. Give q(t).
-7
Let f(o) be the first derivative of 72*o**2 - 4 - 35*o**2 - 34*o**2. Calculate f(-1).
-6
Let a = 0 + -1. Let x(i) = i + 2*i + 0*i - 1. Determine x(a).
-4
Let l(x) = x + 4. Let n(g) = g**3 - 4*g**2 + 3*g + 4. Let h be n(3). Let y = h - 4. Suppose y*j + 2*j = -6. Calculate l(j).
1
Let d(q) = -q**2 - 5. Suppose i + 6 - 6 = 0. Determine d(i).
-5
Suppose -r = 5*k + 3*r + 17, -2*k + 5*r - 20 = 0. Let p(c) = -c**3 - 4*c**2 + 4*c - 3. Calculate p(k).
2
Let q be (-4)/(-18) + 43/9. Suppose -2 + q = -o. Let x(a) be the second derivative of a**4/12 + 2*a**3/3 + 2*a**2 - 4*a. Give x(o).
1
Let h(s) = -s**3 + s**2 + 4*s. Suppose u + 0 = 5. Suppose -4*w + 1 + 18 = 5*k, 0 = -u*w + 5. Determine h(k).
-6
Suppose 0 = -h + 1 - 3, 3*p + 3*h = -3. Let j(q) = -3*q**2 - 8. Let b(s) = s**2 + 1. Let f(g) = p*j(g) + 4*b(g). Let w = -6 - -3. Give f(w).
5
Let h(x) = 2*x - 3. Let o be h(2). Let b(c) = -17*c**3 + 3*c**2 + 3*c - 3. Let i(s) = 6*s**3 - s**2 - s + 1. Let d(l) = 3*b(l) + 8*i(l). Give d(o).
-2
Let h(z) = -z + 4. Let t(o) = o - 8. Let v be t(6). Let j be v + 9 + 3/(-1). Determine h(j).
0
Let g(w) = 6*w - 3. Let b be g(2). Let i(t) = 3*t**3 - 3*t**2 - 3*t + 1. Let m(q) = 6*q**3 - 6*q**2 - 7*q + 2. Let o(f) = b*i(f) - 4*m(f). Determine o(2).
15
Let t(j) be the first derivative of -2*j + j**2 + 1/3*j**3 + 5. Determine t(2).
6
Let y(k) = -k + 7. Let n(o) = o**3 + 10*o**2 - 11*o + 6. Let g be n(-11). Determine y(g).
1
Let m = 7 + -3. Let r(d) = -4*d + 5. Let w(o) = -21*o + 26. Let i(x) = 11*r(x) - 2*w(x). Calculate i(m).
-5
Suppose -7*h = -9*h + 2. Let t(j) = -14*j + 1. What is t(h)?
-13
Let o(x) = -x**2 + x + 1. Let z = -2 - -5. Let w be 15*(0 - (-1)/z). Suppose 0*a + 5*j + 15 = -5*a, -a - 3 = w*j. Give o(a).
-11
Let g(y) = 82*y**3 + 76*y**3 + 3 - 159*y**3 + y - y**2 + 0*y. What is g(0)?
3
Let i(k) = 3*k**2 - 5*k - 13. Let u(v) = v**2 - 2*v - 7. Let h(g) = 2*i(g) - 5*u(g). Give h(0).
9
Let v = -13 - -16. Let y(o) be the second derivative of 0 + 1/6*o**v - 2*o**2 + 1/12*o**4 - o. Determine y(0).
-4
Let d be 3/9*(8 + 1). Let h(f) = d + 0 + f + 0*f. Determine h(-5).
-2
Suppose 0 = -6*m + 2*m. Let v be (-3 - -2)*(m + 1). Let o(k) = -k + 2*k**3 + 5*k**3 + 4*k**3 - 5*k**3. Determine o(v).
-5
Let o(f) = f**3 + 6*f**2 - 5*f - 8. Let j be o(-6). Let i(s) = 2*s + 2. Let v(p) = 8*p + 7. Let a(u) = j*i(u) - 6*v(u). What is a(2)?
-6
Let o(n) = n**3 + 14*n**2 + n + 9. Let a(w) = 3*w + 7. Let f be a(-7). Calculate o(f).
-5
Let y(r) be the second derivative of 5/2*r**2 - 2*r - 1/2*r**3 + 0. Determine y(4).
-7
Let y(c) = -6*c + 1. Let j be ((-4)/(-18)*-3)/((-2)/3). Calculate y(j).
-5
Let l(p) = 7*p**2 - p + 5. Let h(j) = 0*j**2 + 6*j**2 + 4 + 0*j**2. Let r(q) = -4*h(q) + 3*l(q). Suppose 2*b + 2 + 2 = 0. What is r(b)?
-7
Let c(h) = h**3 + 4*h**2 - 5*h + 4. Let s(g) be the second derivative of -g**4/6 - g**3/2 - 3*g**2/2 + 2*g. Let k be s(-2). What is c(k)?
4
Let f(b) be the first derivative of -b**2/2 + 5*b - 4. Suppose -16 = 7*n - 3*n. Determine f(n).
9
Let h(x) = -6*x - 9. Let n(g) = 4*g + 6. Let f(t) = 5*h(t) + 7*n(t). Let q = -9 + 4. Let c = q + 2. Give f(c).
3
Let p(a) be the first derivative of a**3/3 + a**2/2 + a + 3. Let v(s) = -7*s**2 + s - 6. Let y(g) = -4*p(g) - v(g). What is y(3)?
14
Let q(w) = -5*w**2 + w - 1. Let b(s) = -s + 1. Let c be b(1). Let g = c + 1. Determine q(g).
-5
Let d(i) = i**3 - 2*i**2 - i - 4. Suppose 19 = -3*r - 11. Let t = -7 - r. Determine d(t).
2
Let k(g) = -g**2 - 2*g - 3. Let w(i) be the third derivative of -i**5/12 - 3*i**4/8 - 8*i**3/3 + 4*i**2. Let y(s) = -11*k(s) + 2*w(s). What is y(-3)?
-2
Let f(r) = r**3 + 2 - 6*r**2 + r**2 + 2*r + 0*r**2. Calculate f(3).
-10
Let g(h) = h**3 + 4*h**2 - h - 2. Let x be g(-4). Let t(j) = x*j + 3*j + 0 - 7 - 4*j. Give t(3).
-4
Let f(j) be the third derivative of -j**5/60 + 7*j**3/6 - 2*j**2. Let p(q) be the first derivative of f(q). Calculate p(-6).
12
Let x(o) = -o**3 - 9*o**2 - 6*o + 16. Let d(a) = 1. Let s(f) = 6*d(f) - x(f). What is s(-8)?
6
Let g be (-4)/(-10) + (-17)/5. Let t(i) = -7*i - 4. Let k(z) = z + 9. Let a(f) = f + 4. Let q(p) = -5*a(p) + 2*k(p). Let j(m) = 5*q(m) - 2*t(m). Give j(g).
1
Let v(m) be the third derivative of -m**6/120 - m**5/60 + m**4/12 - m**3/6 + 3*m**2. Calculate v(2).
-9
Suppose 121*y - 24 = 125*y. Let i(s) = -3*s**2 + 3*s - 9. Let f(a) = 2*a**2 - a + 4. Let z(u) = 5*f(u) + 3*i(u). Determine z(y).
5
Suppose -2 + 4 = 4*j - i, -6 = 3*i. Let x(z) = z**3 + z**2 - z + 1. Let d be x(j). Let f(h) = 0*h**2 + h**2 - 2*h + d + 4*h - 5*h**3. Determine f(-1).
5
Suppose -g - 10 + 3 = -4*x, -4*g + 5*x = -5. Suppose 5*w = 2*l + 15, -3*l - 10 = -g*w - 0*l. Let j(i) = -i**2 + 5*i - 7. What is j(w)?
-7
Let i(f) = f**2 - 5*f - 6. Let m(a) = -a**2 + 4*a + 5. Suppose 0 = 4*l - 18 + 6. Let t(v) = l*m(v) + 2*i(v). Give t(5).
-12
Suppose -f + 12 + 5 = m, -2*m - 8 = 0. Let b = f + -22. Let a(u) = 14*u + 1. Give a(b).
-13
Let s(a) be the second derivative of -a**3/6 + 3*a**2 + 4*a. Let y be s(6). Let t(j) = -j + 10. What is t(y)?
10
Let t(z) = -2*z + 7. Let v be (-6 - -9)*(-21)/(-9). Calculate t(v).
-7
Let l(k) = 0*k**2 + 9*k - 5*k - 9*k + 3 - k**2. Give l(-4).
7
Let m be ((-1)/1)/((-2)/(-22)). Let z = 9 + m. Let x(i) = -2*i + 3*i**3 - 2*i**2 + 0*i - 4*i**3 + 1. Give x(z).
5
Let l(z) be the first derivative of 1/3*z**3 + 8 - 2*z**2 - z. Give l(3).
-4
Suppose -4*h + 5*s = -2, s + 6 = 4*h - 2*s. Let t(x) = 4*x**2 - 2*x + x**h + 4 - 6 - 2. Suppose -6*c - 20 = -c. Give t(c).
4
Let a(o) be the third derivative of o**6/30 - o**5/60 + o**4/12 - o**3/6 + 4*o**2 - 11*o. Calculate a(1).
4
Let p(y) = -y - 3. Let g be p(-8). Let q(b) be the second derivative of b**5/20 - 5*b**4/12 - 5*b**3/6 + 7*b**2/2 + 12*b. Give q(g).
-18
Let g(t) = -3*t + 47. Let q be g(15). Let r be 1/(0 + -1) + 3. Let h(s) = 0 + q + s - r. Give h(6).
6
Let o(s) = -3*s**2 - 4*s - 2. Suppose 2*k = -2*k - 16. Let v(p) = -7*p**2 - 9*p - 5. Let y(g) = k*v(g) + 9*o(g). Calculate y(2).
6
Let p = -5 - 4. Let r(j) = -j**3 - 8*j**2 + 8*j - 8. Calculate r(p).
1
Suppose 5*b + 4*f + 4 = 0, -6*b + 5*b + 1 = -f. Let k(r) = -r**2 - r + 2. Calculate k(b).
2
Let z(b) = 15 - b - 16 - b + b. Give z(0).
-1
Let v(u) = u - 1. Let b(i) = -i**2 + i + 1. Let x(s) = b(s) - 3*v(s). Calculate x(-3).
1
Let r(g) = -10*g - 8. Let q(a) = -5*a - 4. Let u(w) = 11*q(w) - 6*r(w). Determine u(-3).
-11
Let l(d) be the first derivative of -d**3/3 + 4*d**2 - 10*d + 6. Calculate l(7).
-3
Let m(q) = 6*q + 20. Let z(r) = -2*r - 7. Let o = 0 + 4. Let k(v) = -2*v - 7. Let t(u) = o*k(u) - 5*z(u). Let d(s) = -5*m(s) + 14*t(s). Determine d(-4).
6
Let i(g) = -3*g**3 - 4*g**2 + 7*g - 4. Let d(v) = 10*v**3 + 11*v**2 - 22*v + 12. Let m(x) = -2*d(x) - 7*i(x). What is m(-7)?
-10
Let r(g) = 13*g - 14*g 